{"id":13,"date":"2022-07-14T08:33:57","date_gmt":"2022-07-14T06:33:57","guid":{"rendered":"https:\/\/istitutocomprensivoaquino.edu.it\/www\/index.php\/la-scuola\/la-storia\/"},"modified":"2024-04-18T12:21:04","modified_gmt":"2024-04-18T10:21:04","slug":"la-storia","status":"publish","type":"page","link":"https:\/\/istitutocomprensivoaquino.edu.it\/www\/la-scuola\/la-storia\/","title":{"rendered":"La Storia"},"content":{"rendered":"<p><img loading=\"lazy\" decoding=\"async\" class=\"wp-image-771 alignleft\" src=\"https:\/\/istitutocomprensivoaquino.edu.it\/www\/wp-content\/uploads\/2024\/04\/640px-Aquino_2012_by-RaBoe_02.jpg\" alt=\"Aquino (FR)\" width=\"297\" height=\"197\" srcset=\"https:\/\/istitutocomprensivoaquino.edu.it\/www\/wp-content\/uploads\/2024\/04\/640px-Aquino_2012_by-RaBoe_02.jpg 640w, https:\/\/istitutocomprensivoaquino.edu.it\/www\/wp-content\/uploads\/2024\/04\/640px-Aquino_2012_by-RaBoe_02-300x199.jpg 300w, https:\/\/istitutocomprensivoaquino.edu.it\/www\/wp-content\/uploads\/2024\/04\/640px-Aquino_2012_by-RaBoe_02-376x250.jpg 376w\" sizes=\"auto, (max-width: 297px) 100vw, 297px\" \/>Il territorio in cui opera l\u2019Istituto Comprensivo di Aquino si estende su un\u2019area geografica che comprende due Comuni: Aquino e Castrocielo. L&#8217;Istituto Comprensivo di Aquino \u00e8 costituito da otto plessi: quattro di scuola dell\u2019Infanzia, due di scuola Primaria e due di scuola Secondaria di I Grado ubicati nei comuni succitati. I plessi sono stati quasi tutti oggetto di ristrutturazione. L\u2019ambiente sociale in cui opera la scuola \u00e8 eterogeneo poich\u00e9 sono presenti famiglie con situazioni socio-economiche e culturali diverse: un ceto medio impiegato; un ceto operaio che trova lavoro nell\u2019indotto Stellantis, presso le industrie presenti sul territorio; una prevalenza di famiglie impiegate nel terziario (piccole imprese e centri commerciali o attivit\u00e0 di servizio (trasporti, pulizie ecc.). Sono presenti anche situazioni di disagio economico e sociale. La ripresa delle attivit\u00e0 scolastiche in presenza, dopo la chiusura imposta dall\u2019emergenza sanitaria da COVID-19, ha comportato per l\u2019IC di AQUINO, come per tutto il sistema scolastico nazionale, un grande sforzo di adeguamento delle strutture, delle procedure, dei documenti regolativi. La ripresa delle attivit\u00e0 scolastiche \u00e8 avvenuta in un complesso equilibrio tra sicurezza, in termini di contenimento del rischio di contagio, benessere socio-emotivo di studenti e lavoratori della scuola, qualit\u00e0 dei contesti e dei processi di apprendimento, rispetto dei diritti alla salute e all&#8217;istruzione. La DDI, la digitalizzazione strutturale, la priorit\u00e0 della gestione della sicurezza e della salute, la capacit\u00e0 di rispondere con resilienza e rapidit\u00e0 a situazioni improvvise ed imprevedibili come quelle rappresentate dalla emergenza epidemiologica in corso, ha rafforzato il valore della scuola che si pone come elemento aggregante e promotore di iniziative educative e formative in un contesto socio-culturale disomogeneo. Gli alunni stranieri, prevalentemente di origine magrebina, sono circa il 6% della popolazione; per tali alunni \u00e8 stato approvato un protocollo di accoglienza e un progetto educativo\/didattico. Sono presenti alunni con disturbi dell&#8217;et\u00e0 evolutiva, disagio e disabilit\u00e0 per i quali l&#8217;IC adotta una didattica inclusiva e metodologie personalizzate. Gli alunni BES vengono coinvolti nei processi inclusivi programmati e monitorati sistematicamente.<\/p>\n","protected":false},"excerpt":{"rendered":"<p>Il territorio in cui opera l\u2019Istituto Comprensivo di Aquino si estende su un\u2019area geografica che comprende due Comuni: Aquino e Castrocielo. L&#8217;Istituto Comprensivo di Aquino \u00e8 costituito da otto plessi: quattro di scuola dell\u2019Infanzia, due di [&hellip;]<\/p>\n","protected":false},"author":1,"featured_media":0,"parent":5,"menu_order":0,"comment_status":"closed","ping_status":"closed","template":"page-templates\/storia.php","meta":{"footnotes":""},"tags":[],"class_list":["post-13","page","type-page","status-publish","hentry"],"_links":{"self":[{"href":"https:\/\/istitutocomprensivoaquino.edu.it\/www\/wp-json\/wp\/v2\/pages\/13","targetHints":{"allow":["GET"]}}],"collection":[{"href":"https:\/\/istitutocomprensivoaquino.edu.it\/www\/wp-json\/wp\/v2\/pages"}],"about":[{"href":"https:\/\/istitutocomprensivoaquino.edu.it\/www\/wp-json\/wp\/v2\/types\/page"}],"author":[{"embeddable":true,"href":"https:\/\/istitutocomprensivoaquino.edu.it\/www\/wp-json\/wp\/v2\/users\/1"}],"replies":[{"embeddable":true,"href":"https:\/\/istitutocomprensivoaquino.edu.it\/www\/wp-json\/wp\/v2\/comments?post=13"}],"version-history":[{"count":3,"href":"https:\/\/istitutocomprensivoaquino.edu.it\/www\/wp-json\/wp\/v2\/pages\/13\/revisions"}],"predecessor-version":[{"id":772,"href":"https:\/\/istitutocomprensivoaquino.edu.it\/www\/wp-json\/wp\/v2\/pages\/13\/revisions\/772"}],"up":[{"embeddable":true,"href":"https:\/\/istitutocomprensivoaquino.edu.it\/www\/wp-json\/wp\/v2\/pages\/5"}],"wp:attachment":[{"href":"https:\/\/istitutocomprensivoaquino.edu.it\/www\/wp-json\/wp\/v2\/media?parent=13"}],"wp:term":[{"taxonomy":"post_tag","embeddable":true,"href":"https:\/\/istitutocomprensivoaquino.edu.it\/www\/wp-json\/wp\/v2\/tags?post=13"}],"curies":[{"name":"wp","href":"https:\/\/api.w.org\/{rel}","templated":true}]}}

<p><img loading="lazy" decoding="async" class="wp-image-771 alignleft" src="https://istitutocomprensivoaquino.edu.it/www/wp-content/uploads/2024/04/640px-Aquino_2012_by-RaBoe_02.jpg" alt="Aquino (FR)" width="297" height="197" srcset="https://istitutocomprensivoaquino.edu.it/www/wp-content/uploads/2024/04/640px-Aquino_2012_by-RaBoe_02.jpg 640w, https://istitutocomprensivoaquino.edu.it/www/wp-content/uploads/2024/04/640px-Aquino_2012_by-RaBoe_02-300x199.jpg 300w, https://istitutocomprensivoaquino.edu.it/www/wp-content/uploads/2024/04/640px-Aquino_2012_by-RaBoe_02-376x250.jpg 376w" sizes="auto, (max-width: 297px) 100vw, 297px" />Il territorio in cui opera l’Istituto Comprensivo di Aquino si estende su un’area geografica che comprende due Comuni: Aquino e Castrocielo. L&#8217;Istituto Comprensivo di Aquino è costituito da otto plessi: quattro di scuola dell’Infanzia, due di scuola Primaria e due di scuola Secondaria di I Grado ubicati nei comuni succitati. I plessi sono stati quasi tutti oggetto di ristrutturazione. L’ambiente sociale in cui opera la scuola è eterogeneo poiché sono presenti famiglie con situazioni socio-economiche e culturali diverse: un ceto medio impiegato; un ceto operaio che trova lavoro nell’indotto Stellantis, presso le industrie presenti sul territorio; una prevalenza di famiglie impiegate nel terziario (piccole imprese e centri commerciali o attività di servizio (trasporti, pulizie ecc.). Sono presenti anche situazioni di disagio economico e sociale. La ripresa delle attività scolastiche in presenza, dopo la chiusura imposta dall’emergenza sanitaria da COVID-19, ha comportato per l’IC di AQUINO, come per tutto il sistema scolastico nazionale, un grande sforzo di adeguamento delle strutture, delle procedure, dei documenti regolativi. La ripresa delle attività scolastiche è avvenuta in un complesso equilibrio tra sicurezza, in termini di contenimento del rischio di contagio, benessere socio-emotivo di studenti e lavoratori della scuola, qualità dei contesti e dei processi di apprendimento, rispetto dei diritti alla salute e all&#8217;istruzione. La DDI, la digitalizzazione strutturale, la priorità della gestione della sicurezza e della salute, la capacità di rispondere con resilienza e rapidità a situazioni improvvise ed imprevedibili come quelle rappresentate dalla emergenza epidemiologica in corso, ha rafforzato il valore della scuola che si pone come elemento aggregante e promotore di iniziative educative e formative in un contesto socio-culturale disomogeneo. Gli alunni stranieri, prevalentemente di origine magrebina, sono circa il 6% della popolazione; per tali alunni è stato approvato un protocollo di accoglienza e un progetto educativo/didattico. Sono presenti alunni con disturbi dell&#8217;età evolutiva, disagio e disabilità per i quali l&#8217;IC adotta una didattica inclusiva e metodologie personalizzate. Gli alunni BES vengono coinvolti nei processi inclusivi programmati e monitorati sistematicamente.</p>

<p>Il territorio in cui opera l’Istituto Comprensivo di Aquino si estende su un’area geografica che comprende due Comuni: Aquino e Castrocielo. L&#8217;Istituto Comprensivo di Aquino è costituito da otto plessi: quattro di scuola dell’Infanzia, due di [&hellip;]</p>
